. Let i = -58 + p. Is i composite?
False
Is 2/(753644/57972 + -13) a composite number?
True
Let l = -8 + 6. Let r = -37 - -38. Is 486 - -1*(r + l) prime?
False
Suppose 571369 + 182152 = 19*q. Is q composite?
False
Let i be (-6)/10 - (-47)/(-5). Let m be (0 + 1 + -46)*(-26)/78. Is (-4)/i - (-2859)/m a prime number?
True
Let d = 74287 + -43670. Is d composite?
True
Suppose 7*n - 3*n = -4*l + 42068, -10505 = -l + 2*n. Is l a prime number?
True
Suppose -7*p + 2*p + 45 = -5*q, 0 = -q + 4*p - 12. Let t be 1 - 0 - (-11 - q). Suppose t*m - 753 = 11. Is m a composite number?
False
Let p(s) = -s**3 + 3*s**2 + 4*s + 5. Let m be p(4). Suppose -2*v - v + 54 = 0. Suppose -m*z = -2*z - v. Is z prime?
False
Suppose -5*z = 2*z - 329. Let v = z - 14. Let s = 151 - v. Is s prime?
False
Let j = 93 - 97. Is j - -5 - 18464/(-2) prime?
False
Is 8654 + 15/(-45) + (-2)/3 composite?
True
Let a be 2/10 + (-19)/(-5). Let s(j) = 31*j**2 - 3*j + 13. Is s(a) composite?
True
Let f be 19 - 4 - 15/3. Suppose -f*k + 11*k = 2227. Is k prime?
False
Suppose -9*g + 22*g - 98969 = 0. Is g a prime number?
False
Let r = -1999 + 3180. Suppose 3*u = r + 11770. Is u a composite number?
True
Let f(y) = 182*y + 9. Let s be f(4). Suppose 5*k - 4*w - s = 0, 302 = -k + 3*k + 2*w. Is k composite?
False
Let y = 20215 - -7518. Is y prime?
True
Let i(y) be the second derivative of -y**4/12 + 2*y**3 + 3*y**2 - 6*y. Is i(9) composite?
True
Suppose 8*k - 53206 = -29*k. Is k prime?
False
Suppose 4419 = 3*v + 2*j, -4*v + 2*j = -6*v + 2948. Is v composite?
False
Let s(g) = -g**3 + g. Let u(b) = -b**3 + 6*b - 2. Let v(f) = 4*s(f) - u(f). Let p(m) = m**3 + 4*m**2 + 2*m + 5. Let d be p(-4). Is v(d) prime?
True
Suppose -45*p + 145871 = -1943884. Is p a composite number?
False
Suppose 0*b = -b + 14. Is 28*b + (-5)/25*-5 a prime number?
False
Let o be (-7 + 2)/(5 + 4/(-1)). Is ((-14)/o)/(42/10185) prime?
False
Let k be (-18202)/95*10/(-4). Is k + (-8 - -8)/(1*-1) a prime number?
True
Let g(i) = 1358*i**2 + 16*i - 29. Is g(2) a composite number?
True
Let m = 2261 - 1023. Is m a prime number?
False
Suppose -5*f + 182920 = 5*y, -73183 = -3*y + y + f. Is y a composite number?
True
Suppose -12 - 15 = -3*r. Let c be ((-1574)/(-6))/(3/r). Suppose 5*y - c = 2*h - 50, -3*y + 431 = -4*h. Is y composite?
False
Let k(u) = -5*u**3 - 5*u**2 - 6*u - 307. Let z(v) = 164*v**2 - 308 - 168*v**2 - 4*v**3 - 5*v + 0*v. Let m(q) = 3*k(q) - 4*z(q). Is m(0) prime?
True
Let c(w) = -866*w + 227. Is c(-15) prime?
True
Suppose 16800 = 4*g - 5*o, 0 = -0*g + 2*g - 2*o - 8398. Is g a composite number?
True
Let l(f) = f**3 + f**2 - 29*f + 8. Let j be l(-9). Is (j + 0)*(-7 + 4) prime?
False
Let n(s) = -12*s + 21. Let m be n(-5). Suppose -1218 = -3*b - m. Is b a prime number?
True
Suppose -2*t - 2*s = -6782, -5*t - 16953 = -10*t - 4*s. Is t a composite number?
False
Suppose -3 = 4*u + 1. Is 84/7*(15/4 + u) a composite number?
True
Suppose -3*l = -2*l + 2*f - 27901, 2*l + f = 55790. Is l composite?
False
Let s(c) = 9803*c**2 - 2*c - 5. Is s(-2) prime?
False
Let s(y) = -10*y**2 + 7*y + 18. Let d be s(-5). Let l = d - -482. Is l composite?
True
Let t = -2532 + 3596. Let k = -618 + t. Is k composite?
True
Let g(c) = 70*c**2 + 3*c + 4. Let z = -69 - -67. Is g(z) prime?
False
Suppose 0 = -5*f + 2*j + 26133, 0 = f - 6*f - 5*j + 26140. Is f a prime number?
True
Let u = -973 - -1196. Is u prime?
True
Let x(b) = 19*b + 1. Suppose -v - k - 10 = -2*v, 0 = -4*v - 3*k + 5. Let h be (-50)/(-12) - v/30. Is x(h) prime?
False
Suppose -14 = -5*x - 4. Let a be 126180/156 - x/(-13). Let l = a + -402. Is l a composite number?
True
Suppose 2*z = 13 + 7. Let q be (-2)/10 + 2/z. Suppose q*b + 2*b - j - 855 = 0, -2*b - 4*j = -850. Is b a composite number?
True
Suppose -w = 3*w - 720. Suppose -3*a + w = 3*l + a, 2*a = 5*l - 326. Let m = -11 + l. Is m prime?
True
Let s = 7933 - 4866. Is s prime?
True
Let q be 5862/(6/(-27)*-3). Suppose k + 3*m - 3515 = -k, -5*k - 2*m + q = 0. Is k a composite number?
False
Let m be ((-112)/12)/(-4)*273. Let l = m + -281. Suppose 0 = -t + 2*g + 117, -3*t = 5*g - 10*g - l. Is t composite?
False
Let a(g) = 59*g**3 - g - 5. Let v be a(4). Suppose -4*i + 1677 = -v. Is i composite?
False
Let q(g) = -98*g**3 - g - 2*g**3 - 2 - 112*g**3. Is q(-1) a composite number?
False
Let h = 64741 + -42008. Is h prime?
False
Let v(s) = 106*s - 3. Let f be v(-4). Suppose -2398 + 12330 = 13*q. Let t = q + f. Is t prime?
True
Let c be (-207)/(-21) - 4/(-28). Suppose -c = 4*v - 54. Suppose -14*m = -v*m - 1191. Is m a prime number?
True
Let f = 2121 + -434. Is f a prime number?
False
Is ((-18672)/144)/(2/(-114)) composite?
True
Let n(u) = -u**2 + 9*u - 2. Let z be n(7). Let a = 55 + z. Is a a prime number?
True
Let y = 34672 - 12239. Is y a prime number?
True
Let k(p) = p**2. Let u be k(-2). Let w(h) = 2*h**3 - 7*h**2 + 5*h - 2. Is w(u) a composite number?
True
Suppose -3*i = 46 - 1561. Is i composite?
True
Suppose -3*j - 8*g + 3*g - 5967 = 0, j + 1999 = -5*g. Let w = j + 2951. Is w composite?
False
Let s(b) be the second derivative of 167*b**3/6 + 4*b**2 + 12*b. Is s(5) a composite number?
True
Is ((-23)/(-46))/((-2)/(-27572)) a composite number?
True
Suppose 2*t - 3*c = -c + 199412, -2*t - 2*c + 199392 = 0. Is t prime?
False
Suppose -676 = -2*n + 5418. Is n composite?
True
Let u = 41364 - 27367. Is u a prime number?
True
Let f(q) = -16*q**2 + q + q**3 + 7 - 2 + 29*q**2 + 8*q. Let n be f(-6). Suppose -5*m + 2*m = 4*j - n, m - 55 = 5*j. Is m a prime number?
False
Suppose -4*g - 3*k = 10 - 2, 3*g + 1 = -k. Is (2 + 1)/3*(g + 990) a composite number?
False
Suppose 0 = -4*i - 2*k - 58, 0 = -5*i + 2*k - 3*k - 65. Let v be 318/(-5) + i/30. Let w = v - -183. Is w prime?
False
Let u be 10 - (-2 - (4 + -4)). Let r = 18 - u. Suppose 4*v = r*v - 230. Is v a prime number?
False
Let p(z) = -235*z**3 + 3*z**2 + z - 2. Let v be p(-2). Suppose 5*i - v + 230 = -r, -2*r = -i + 325. Is i a composite number?
False
Let z = 1535 - 801. Is z a prime number?
False
Is (-1)/4 + -30650*(-3)/24 composite?
True
Let o(b) = 1965*b - 22. Is o(3) composite?
True
Let v = -35587 + 93830. Is v prime?
True
Let z be 2 - (-4 - -4 - 19). Let g(l) = 2*l**2 - 25*l + 2. Is g(z) a prime number?
True
Is 1/2*(4 + 4882) prime?
False
Let w(f) = -7 + 23*f - 13 - 1. Let b = 137 + -127. Is w(b) composite?
True
Suppose -11*z + 18042 = -5*z. Suppose -4*w - 5*o = -z, 0 = 2*o - 6*o - 4. Is w composite?
True
Let t(z) = -z**2 + z + 2. Let n be t(-3). Let q = 10 + n. Suppose 0 = -2*g - q*i - i + 576, -5*g + 5*i + 1425 = 0. Is g a prime number?
False
Suppose 4*z + 30 = q, -z - 3*q - 4 = 10. Let a(x) = 9*x + 34 + 37 + 28 - 88 + 2*x**2. Is a(z) a prime number?
True
Let k = -65 - -23. Is ((-581)/k*-58)/(2/(-6)) prime?
False
Let n(r) be the third derivative of 17*r**4/24 + 7*r**3/2 - 27*r**2. Is n(10) prime?
True
Let q(f) = 98*f**2 - 22*f + 33. Is q(-11) a prime number?
False
Suppose -29*y = -46965 + 8830. Is y a prime number?
False
Suppose -9*k + 8*k + 578 = 0. Suppose k = a - 317. Is a a prime number?
False
Is (-1878197)/(-387) + 2/(-9) a composite number?
True
Let f(u) = -33*u**3 - 4*u**2 - 9*u - 2. Let j(t) = -16*t**3 - 2*t**2 - 4*t - 1. Let g(h) = -2*f(h) + 5*j(h). Let p = -3 - -2. Is g(p) composite?
False
Let t be (-3)/(-6) - (-1 - 16911/6). Let p = t - -179. Is p a composite number?
False
Let m(q) = -q**3 + q**2 + q - 1. Let a be m(2). Let n be -270 + a + (-1 - -2). Let g = n + 435. Is g a prime number?
True
Suppose -2*h - 3 = -3*w, -5*h + 2*w = -6*h - 5. Let j = h - 0. Let d(g) = -19*g - 2. Is d(j) a composite number?
True
Suppose -4*y - 2*g = -7362, 0 = 7*g - 9*g + 10. Is y a prime number?
False
Let a(p) = -p**2 - 43*p - 13. Is a(-22) prime?
True
Let s(w) = 93*w**2 + 7*w + 59. Is s(-9) composite?
False
Suppose 0 = -b + 4*k + 26801, 5*k - 55790 = -5*b + 78290. Is b prime?
True
Is ((-8)/12)/(20/(-920070)) composite?
True
Let d = -2402 + 8139. Is d prime?
True
Suppose 0 = 4*a - 56 - 0. Suppose -a*l + 1058 = -12*l. Is l a composite number?
True
Let u(n) = n**3 - 9*n**2 - 11*n + 10. Let c be u(10). Suppose 4*w - 6614 = 5*p, -4*w + 7*w + 4*p - 4945 = c. Is w a prime number?
False
Suppose -x + 4*y + 34424 = 3*x, x - 4*y - 8609 = 0. Is x a composite number?
True
Suppose -1000 = 2*y - 210. Let a = 594 + y. Is a prime?